ds digit of 908675406?
6
What is the billions digit of 1017232750?
1
What is the hundred thousands digit of 21209032?
2
What is the tens digit of 4288231473?
7
What is the tens digit of 60131071?
7
What is the ten thousands digit of 133349312?
4
What is the hundreds digit of 26247708?
7
What is the ten thousands digit of 7373732286?
3
What is the hundred thousands digit of 394722678?
7
What is the ten thousands digit of 438376096?
7
What is the hundred thousands digit of 40796635?
7
What is the units digit of 293801624?
4
What is the thousands digit of 175491280?
1
What is the ten millions digit of 71945577?
7
What is the ten millions digit of 182626114?
8
What is the units digit of 966726535?
5
What is the hundreds digit of 3753386809?
8
What is the units digit of 900399178?
8
What is the tens digit of 7239515816?
1
What is the hundreds digit of 38140842?
8
What is the ten thousands digit of 3408959469?
5
What is the thousands digit of 7697571?
7
What is the units digit of 27754535?
5
What is the hundred millions digit of 868021060?
8
What is the millions digit of 1820244451?
0
What is the ten thousands digit of 140036314?
3
What is the ten millions digit of 542123324?
4
What is the ten millions digit of 2448148285?
4
What is the units digit of 30074690?
0
What is the tens digit of 477075600?
0
What is the ten millions digit of 3169545212?
6
What is the tens digit of 1423056?
5
What is the millions digit of 80758455?
0
What is the hundred millions digit of 163671449?
1
What is the units digit of 928737722?
2
What is the hundred thousands digit of 376526380?
5
What is the ten thousands digit of 22943278?
4
What is the ten millions digit of 306518981?
0
What is the hundreds digit of 639167109?
1
What is the units digit of 24439561?
1
What is the thousands digit of 32572750?
2
What is the hundred thousands digit of 3204682238?
6
What is the millions digit of 295152564?
5
What is the ten thousands digit of 85232229?
3
What is the ten millions digit of 7264204633?
6
What is the ten millions digit of 1284749653?
8
What is the millions digit of 7940075?
7
What is the hundred thousands digit of 155246283?
2
What is the billions digit of 1561078589?
1
What is the billions digit of 2987740184?
2
What is the millions digit of 86259841?
6
What is the thousands digit of 1520422048?
2
What is the tens digit of 5314568233?
3
What is the units digit of 49065910?
0
What is the ten thousands digit of 275947080?
4
What is the ten millions digit of 38584078?
3
What is the hundreds digit of 602647687?
6
What is the thousands digit of 2834137690?
7
What is the hundred thousands digit of 389307516?
3
What is the units digit of 37196152?
2
What is the hundred millions digit of 2884515791?
8
What is the hundreds digit of 1049930377?
3
What is the millions digit of 52801474?
2
What is the hundred thousands digit of 2642287341?
2
What is the hundred millions digit of 785353866?
7
What is the millions digit of 156008151?
6
What is the billions digit of 1157099009?
1
What is the ten thousands digit of 22131672?
3
What is the units digit of 53750248?
8
What is the ten thousands digit of 1668670038?
7
What is the hundred millions digit of 130918002?
1
What is the hundred thousands digit of 159329028?
3
What is the ten thousands digit of 1455112266?
1
What is the thousands digit of 5140284544?
4
What is the thousands digit of 326001026?
1
What is the hundred thousands digit of 34878937?
8
What is the thousands digit of 1752834622?
4
What is the hundred millions digit of 2088968853?
0
What is the billions digit of 1827152208?
1
What is the hundred thousands digit of 92500329?
5
What is the units digit of 77321387?
7
What is the tens digit of 23836875?
7
What is the hundred millions digit of 2217655123?
2
What is the hundred thousands digit of 3782142451?
1
What is the ten millions digit of 37498245?
3
What is the units digit of 1867608546?
6
What is the hundred millions digit of 151758320?
1
What is the thousands digit of 319086132?
6
What is the units digit of 418904127?
7
What is the ten millions digit of 3903886431?
0
What is the billions digit of 2108252651?
2
What is the hundred thousands digit of 36084617?
0
What is the thousands digit of 25544119?
4
What is the hundred millions digit of 219278120?
2
What is the billions digit of 3401802814?
3
What is the ten thousands digit of 142745651?
4
What is the units digit of 713429716?
6
What is the hundred millions digit of 306847849?
3
What is the units digit of 329996877?
7
What is the ten thousands digit of 2479999750?
9
What is the ten millions digit of 40370382?
4
What is the hundred thousands digit of 88867493?
8
What is the hundred thousands digit of 910056591?
0
What is the millions digit of 70097812?
0
What is the hundred thousands digit of 903745?
9
What is the ten millions digit of 244483662?
4
What is the millions digit of 1967987658?
7
What is the tens digit of 21864299?
9
What is the hundred millions digit of 4437106873?
4
What is the ten millions digit of 2057325828?
5
What is the units digit of 124972521?
1
What is the thousands digit of 643805169?
5
What is the hundred thousands digit of 49059702?
0
What is the millions digit of 220674493?
0
What is the hundred millions digit of 440923717?
4
What is the hundred millions digit of 119465716?
1
What is the millions digit of 51331397?
1
What is the hundreds digit of 29812141?
1
What is the ten thousands digit of 839144361?
4
What is the tens digit of 2255411117?
1
What is the thousands digit of 34525289?
5
What is the hundred thousands digit of 123898839?
8
What is the millions digit of 508599327?
8
What is the ten millions digit of 139330109?
3
What is the hundreds digit of 2883823?
8
What is the ten thousands digit of 24471116?
7
What is the units digit of 216993196?
6
What is the units digit of 34593664?
4
What is the ten millions digit of 702408192?
0
What is the millions digit of 307765938?
7
What is the ten thousands digit of 436345384?
4
What is the hundreds digit of 71289711?
7
What is the hundreds digit of 715576664?
6
What is the units digit of 253311754?
4
What is the hundreds digit of 24145143?
1
What is the billions digit of 2911071688?
2
What is the tens digit of 64307732?
3
What is the millions digit of 2597670095?
7
What is the millions digit of 12296881?
2
What is the ten thousands digit of 152523621?
2
What is the ten thousands digit of 30838985?
3
What is the ten thousands digit of 194124031?
2
What is the thousands digit of 759372012?
2
What is the ten thousands digit of 59057701?
5
What is the millions digit of 782391237?
2
What is the thousands digit of 31885372?
5
What is the hundred thousands digit of 53450468?
4
What is the ten thousands digit of 7566735?
6
What is the ten millions digit of 144398785?
4
What is the thousands digit of 1525777083?
7
What is the tens digit of 709997837?
3
What is the ten thousands digit of 104129723?
2
What is the ten thousands digit of 265304109?
0
What is the tens digit of 491670569?
6
What is the millions digit of 438483519?
8
What is the hundreds digit of 3337846867?
8
What is the hundred thousands digit of 366205478?
2
What is the millions digit of 1071750352?
1
What is the ten thousands digit of 2845826354?
2
What is the ten millions digit of 184843529?
8
What is the billions digit of 4190150784?
4
What is the hundred thousands digit of 244917191?
9
What is the millions digit of 365861995?
5
What is the ten thousands digit of 287518703?
1
What is the hundred thousands digit of 2462379789?
3
What is the ten thousands digit of 155010164?
1
What is the millions digit of 86593511?
6
What is the hundred thousands digit of 50259610?
2
What is the hundred thousands digit of 1365427723?
4
What is the thousands digit of 74401192?
1
What is the thousands digit of 83160281?
0
What is the billions digit of 4298079501?
4
What is the units digit of 3111929141?
1
What is the millions digit of 16031682?
6
What is the hundreds digit of 332626278?
2
What is the ten thousands digit of 50413440?
1
What is the hundreds digit of 1277826920?
9
What is the units digit of 22135739?
9
What is the ten millions digit of 67903964?
6
What is the hundreds digit of 961108542?
5
What is the tens digit of 8717693?
9
What is the th